t = v - 30. What are the prime factors of t?
3, 13
Suppose -8*z + 15*z = 1547. Suppose -22*t + 23*t = z. What are the prime factors of t?
13, 17
Let m be -28 + (2 - -2) + 4. What are the prime factors of (150/m)/((-6)/8)?
2, 5
Suppose -4*h + 449 = -2479. List the prime factors of h.
2, 3, 61
What are the prime factors of (-7 + (-8056)/40)*(-5)/2?
521
Suppose 626*n = 635*n - 25335. What are the prime factors of n?
5, 563
Let b be (-5)/(-15) + (-2)/(12/(-4534)). Suppose 3*q - 452 = r, 0 = -5*q + 4*r - 5*r + b. What are the prime factors of q?
151
Let x be (2/(-1) - -2)/(-2). Let p(o) = o + 53. Let g be p(x). Suppose 7*a - t - g = 3*a, t - 64 = -5*a. List the prime factors of a.
13
Suppose -42*o + 40*o - 22 = 0. Let m be (-21)/3*(-6 + 1). Let a = m + o. What are the prime factors of a?
2, 3
Suppose 0*m + 4*m - 104 = 0. Let k = -36 + m. List the prime factors of 22 - 1 - (-7 - k).
2, 3
Let n(r) = 3*r**2 + 3*r + 2. Let i be n(-3). Let z = i + -18. Suppose 0 = -f - z*f + 48. What are the prime factors of f?
2
Let a(r) = -5 + 1 - 5*r + 3*r**2 + r**3 + 2. Let b be a(-4). Suppose 0*d + 14 = b*d. List the prime factors of d.
7
Let k = 32 + -26. Let x(a) = 11 - 3 - k - 32*a - 1. List the prime factors of x(-1).
3, 11
Suppose k = -2*f - 4 + 1, -50 = -5*k + 3*f. Let r = 8 - k. Suppose -2*z - 62 = -2*y, -3*z - r - 36 = -y. List the prime factors of y.
2, 7
Let u(p) = 6*p**3 - 21*p**2 - 3*p - 5. What are the prime factors of u(5)?
5, 41
Let g(m) = -m**3 - 7*m**2 + 4*m - 8. Suppose -2*x - 5*c = 16, -x - 8 = 5*c - 2*c. List the prime factors of g(x).
2, 3
List the prime factors of (-1)/3*1 - (-37910)/51.
743
Suppose 2*n = -3*n + 2*t + 83, -t = n - 18. Let i = n - 7. Suppose i*l + 68 = 12*l. List the prime factors of l.
2, 17
Suppose 26 + 52 = 6*l. Suppose -5*w + l = 3. What are the prime factors of 43/w - (-6)/(-4)?
2, 5
Suppose -7*x + 9*x = 410. Suppose -a + x = -0*a. List the prime factors of a.
5, 41
Let v(p) = -p**3 + 2*p**2 + 14*p - 5. What are the prime factors of v(4)?
19
Let p = 64 + -62. Suppose 0 = p*v + 5*s - 459, -2*s = v - 0*s - 228. What are the prime factors of v?
2, 3, 37
Let y = -23 + 25. Let x be (660/18)/(y/6). Suppose -3*z + z = -x. What are the prime factors of z?
5, 11
Let s(t) be the first derivative of -3*t**4 - 2*t**3 - t**2 + 14. What are the prime factors of s(-2)?
2, 19
Let o(m) be the third derivative of -11*m**4/24 - 5*m**3/2 + 411*m**2. Let n = 7 - 12. List the prime factors of o(n).
2, 5
Suppose p = -0*p + 5. Let v(q) = -9*q + 2 - 2 + p*q. What are the prime factors of v(-6)?
2, 3
What are the prime factors of (7 - 8)/(-1 - (-1952)/1953)?
3, 7, 31
Let n(p) = -3*p**3 + 2*p**2 + p. Let c be n(-1). Suppose -3*r - 3 = -c*r. Suppose r*d - 12 = -d. List the prime factors of d.
3
Suppose 20*m - 24235 = 65. What are the prime factors of m?
3, 5
Let l(j) = 10*j - 16. Let n(f) = 10*f - 15. Let o(m) = 3*l(m) - 2*n(m). What are the prime factors of o(6)?
2, 3, 7
Let z(v) = 2*v**2 + 5*v - 9. Let q be z(-6). Let b = 65 - q. List the prime factors of b.
2
Suppose 6*n + 2849 = 17*n. What are the prime factors of n?
7, 37
Let t be (116/3)/(15/9 + -1). Suppose 3*r + 2*q = 2*r + t, 3*q + 210 = 4*r. What are the prime factors of r?
2, 3
List the prime factors of ((-455)/(-4))/13*16.
2, 5, 7
Suppose 17721 = -7*n + 16*n. Suppose 5*z - n = -6*z. What are the prime factors of z?
179
Let t be 6 - -4*(-6)/8. Suppose -u + 2*p = -p + 9, t*u - 5*p = -15. Suppose u*w - 5*w + 155 = 0. List the prime factors of w.
31
Let g(y) = 368*y - 68. List the prime factors of g(7).
2, 3, 11, 19
Let s = -9 - -111. Let t(f) = f**2 - 6*f - 6. Let a be t(-5). Let q = s - a. List the prime factors of q.
53
What are the prime factors of 0 + 4/6 - (-13024)/48?
2, 17
Let c = -51 - -53. Suppose 2*k = -4*z - c*k + 428, z = -4*k + 113. What are the prime factors of z?
3, 5, 7
Suppose 3*j - 2*j - 896 = -o, 5 = -o. What are the prime factors of j?
17, 53
Suppose 19*z - 14552 = 30915. List the prime factors of z.
2393
Let j = -7 - -28. Let h = j + -16. Suppose -1 = h*y - 21. What are the prime factors of y?
2
Let v be (-124)/6 - (-14)/21. Let f be (6/5)/((-8)/v). What are the prime factors of (16/f)/(16/24)?
2
Let d(b) = -8*b**3 + 9*b + 7. What are the prime factors of d(-5)?
2, 13, 37
Let g(h) = -h**3 + 22*h**2 + 77*h - 54. What are the prime factors of g(24)?
2, 3, 107
Let q be (4/(-6))/((-12)/18). Let y be (5 + -4)*q*-147. List the prime factors of (4/6)/((-14)/y).
7
Suppose -5*q = -4*r - 0*q + 4623, -r + 2*q + 1158 = 0. What are the prime factors of r?
2, 3
Let p(r) = 202*r**2 + 6*r - 66. What are the prime factors of p(5)?
2, 23, 109
Suppose -3*a - 3*g + 6 = 0, -2*a + 8 = -g + 4. Suppose n - y = 110, n + 4*n - 515 = -a*y. List the prime factors of n.
3, 5, 7
Suppose -3*q + 159 = -3405. What are the prime factors of q?
2, 3, 11
Let s = 300 + -124. List the prime factors of s.
2, 11
Let s(l) = l + 17. Let o be s(-8). Let b be (-24)/o*(-39)/(-2). Let c = -29 - b. What are the prime factors of c?
23
Let w be (212/(-10))/((-10)/250). Suppose 5*f - w - 122 = -b, -3*b + 515 = 4*f. List the prime factors of f.
131
Let d(i) = -i**2 - 15*i - 16. What are the prime factors of d(-8)?
2, 5
Suppose 0 = -4*o + 3*s + 709, 2*o - s - 5 - 352 = 0. List the prime factors of o.
181
Let m(k) = -2*k**3 + 2 - 6*k**2 - 5*k + 13*k**2 + k**3. Let c be m(6). Let s(h) = -h**2 + 9*h - 2. What are the prime factors of s(c)?
2, 3
Suppose 2*j = 4*j + 324. Let u = 115 + j. Let p = 68 + u. What are the prime factors of p?
3, 7
List the prime factors of ((-61)/(-4))/(9 + (-1716)/192).
2, 61
Let u = -1062 + 1434. List the prime factors of u.
2, 3, 31
Suppose 5*w + 120 = 2*w. Let s(y) = -3*y**2 + 3*y + 4. Let l be s(3). Let f = l - w. List the prime factors of f.
2, 13
Let a = 79 + -55. Suppose 0 = -p - 2*p + a. List the prime factors of (p/4)/(-1) - -7.
5
Suppose 22*i - 260760 = -98*i. What are the prime factors of i?
41, 53
List the prime factors of (-50)/(-4)*1128/60.
5, 47
Let j(p) = 111*p + 199. What are the prime factors of j(16)?
5, 79
Let h = 9 - 3. Let s be 267/(-9) + (-2)/h. Let c = 71 + s. What are the prime factors of c?
41
What are the prime factors of 4524/(-24)*-2*(3 - -1)?
2, 13, 29
Let b(q) = 13*q - 49. Let z be b(9). Suppose -11*i - z = -13*i. What are the prime factors of i?
2, 17
Let i be 3/8 + 45/8. Suppose 6 = -k - 2*c, 3 - i = c. List the prime factors of -1 + k + -1 + 14.
2, 3
Let b be (-8)/(-36) - (-2 - (-14088)/(-27)). Suppose -4*x + 12 = -b. What are the prime factors of x?
2, 67
Let h be ((-24)/15 - 0)*-5. Let t(g) = -7*g + 7. Let m(f) = -f + 1. Let s(y) = 5*m(y) - t(y). What are the prime factors of s(h)?
2, 7
Suppose 3*i + 8*i = 1727. What are the prime factors of i?
157
Let q be (9/(-6))/((-3)/28). Let j = q + -11. List the prime factors of (34 - 2) + (-6)/j.
2, 3, 5
Let d(u) = 4*u - 4. Let q be d(4). Let s be 94/q + 1/6. Suppose 8*j = 6*j + s. What are the prime factors of j?
2
Let t(n) = 9*n**2 + 16*n. What are the prime factors of t(-5)?
5, 29
Let g = -326 - -407. What are the prime factors of g?
3
Let b(x) = -14*x - 12. Let l be b(-16). Suppose -l = -3*u + 160. What are the prime factors of u?
2, 31
Suppose 66 = -2*i - 3*i + j, 0 = 2*i - 4*j + 30. Let m(w) = -w**3 - 13*w**2 - 5*w - 16. Let d be m(i). Suppose 5*k - d = 1. List the prime factors of k.
2, 5
Suppose 4*z = 2*z + 10. Suppose z*g - 18 = 2*g. List the prime factors of (-2)/g + (-284)/(-6).
47
Let c(t) = 29*t - 141. List the prime factors of c(20).
439
What are the prime factors of 2/3 - ((-25662)/(-9))/(-13)?
2, 5, 11
Let s(z) = 3*z**2 + z + 1. Let b be s(4). Suppose 132 = 5*n - b. List the prime factors of n.
37
Suppose 5*g - 4*u - 18 = 0, 2*u = -4*g + 3*u + 10. What are the prime factors of 6/(g/124*4)?
3, 31
Let b = 416 + 601. List the prime factors of b.
3, 113
Let i(s) be the second derivative of -7*s**3/6 - 23*s**2/2 + s. What are the prime factors of i(-11)?
2, 3
Suppose 13*t - 75 = 10*t. Suppose 5*j - 5*w - t = 0, w - 1 = 3*j + 2*w. What are the prime factors of j/(1 + (-72)/76)?
19
Suppose -5*c + 10 = 0, -5*c = -3*l + 41 + 69. Let y = l + -33. What are the prime factors of y?
7
What are the prime factors of (1 - 0) + 477 - 5?
11, 43
Let i = 449 - 64. List the prime factors of i.
5, 7, 11
Suppose 11*k = -2*k + 